135 - 2897?
-6032
In base 14, what is -396 - -7?
-38d
In base 2, what is 10 - 1100110001111111111?
-1100110001111111101
In base 10, what is -2 + -186534?
-186536
In base 16, what is -7d8d - 28?
-7db5
In base 11, what is -90704 - -1?
-90703
In base 9, what is -5 - 6814?
-6820
In base 10, what is 14028 - 4?
14024
In base 15, what is -4 - -1b5d?
1b59
In base 15, what is -3e888 + 2?
-3e886
In base 3, what is 1 - -20201000021?
20201000022
In base 16, what is 1cfe + -89?
1c75
In base 7, what is 12032 - -2?
12034
In base 12, what is 1 - -39633?
39634
In base 10, what is 1764 + 1?
1765
In base 14, what is -4 + -1db6?
-1dba
In base 16, what is -2b78 + -9e?
-2c16
In base 10, what is 3 + -40338?
-40335
In base 4, what is 2121 + -330?
1131
In base 6, what is -230 - 430?
-1100
In base 14, what is 40 + -806?
-7a6
In base 15, what is -38 - -11?
-27
In base 14, what is 1650 + 31?
1681
In base 14, what is 0 - 853c3?
-853c3
In base 15, what is -4 - e8d2?
-e8d6
In base 11, what is -52 + -14287?
-14329
In base 8, what is 232 + -26?
204
In base 16, what is -2c + 70a?
6de
In base 4, what is 0 - -2120231?
2120231
In base 5, what is -10 + -24203?
-24213
In base 13, what is -729 + -13b?
-867
In base 10, what is 5 + -33625?
-33620
In base 6, what is 10242432 + -5?
10242423
In base 8, what is -1671 + 2061?
170
In base 12, what is -37b36 + 1?
-37b35
In base 2, what is 111010110001101011001 + 100?
111010110001101011101
In base 8, what is 4540 + 22?
4562
In base 3, what is -102 + 202012?
201210
In base 2, what is -1000 + 1010010101100?
1010010100100
In base 10, what is -11117 - -1?
-11116
In base 15, what is 13c3 - -3d?
1411
In base 9, what is -40 - 25774?
-25824
In base 16, what is -17d + 136?
-47
In base 13, what is 26 + -3c5?
-39c
In base 15, what is -3 + -19ea?
-19ed
In base 9, what is -118665 - 1?
-118666
In base 11, what is 2840 - 1?
283a
In base 4, what is 32020023 - -3?
32020032
In base 8, what is -44 - 4603?
-4647
In base 7, what is 1014 + -11633?
-10616
In base 10, what is 19 - 347075?
-347056
In base 2, what is -101100000 - -1110110001110?
1110000101110
In base 16, what is -4815d - 3?
-48160
In base 6, what is 51015 + 3?
51022
In base 13, what is -cca3 - -2?
-cca1
In base 5, what is 4333 - 120213?
-110330
In base 5, what is 113 + 4034?
4202
In base 10, what is -28846 - -34?
-28812
In base 15, what is -6 - -7ae13?
7ae0c
In base 2, what is -11001100100 - -1001101?
-11000010111
In base 11, what is -2 - 60223?
-60225
In base 3, what is 1210020 + -1120202?
12111
In base 9, what is -8 - 6703?
-6712
In base 9, what is -16 - 2404?
-2421
In base 13, what is -421942 - -2?
-421940
In base 16, what is 332e - 5?
3329
In base 15, what is -424 - -3b?
-3d8
In base 16, what is 17289 + -11?
17278
In base 10, what is 2 - 5988?
-5986
In base 12, what is 73699 + 7?
736a4
In base 14, what is -25b - 6?
-263
In base 8, what is -5 - 144554?
-144561
In base 6, what is -2154 + -3332?
-5530
In base 12, what is -8 - 1245ab?
-1245b7
In base 12, what is -a7 - 1b3?
-29a
In base 12, what is 44 - -73b?
783
In base 14, what is 4 - 316a9?
-316a5
In base 10, what is 43111 - -4?
43115
In base 7, what is 266 + -54265?
-53666
In base 3, what is 0 - 10200112010?
-10200112010
In base 12, what is 7 - 980?
-975
In base 8, what is -10 + 1466?
1456
In base 11, what is -178237 - 2?
-178239
In base 5, what is 2200 - -104?
2304
In base 3, what is -102 + 22201111?
22201002
In base 6, what is 4103 + 21?
4124
In base 3, what is -2202 + 1212201?
1202222
In base 5, what is -210323 - -10303?
-200020
In base 6, what is -24 + -31252?
-31320
In base 10, what is 3372 - 38?
3334
In base 4, what is 1322223 + -12?
1322211
In base 3, what is 0 + -211122021011?
-211122021011
In base 15, what is 4756 - -4?
475a
In base 4, what is -3 - -1232110?
1232101
In base 12, what is 3312 - -1?
3313
In base 13, what is 3687 - 2b?
3659
In base 8, what is -53 - -12735?
12662
In base 7, what is 353 + -1600?
-1214
In base 5, what is -111343403 + 10?
-111343343
In base 12, what is -2 + -852a?
-8530
In base 8, what is 4471 + 526?
5217
In base 15, what is -91978 - 5?
-9197d
In base 4, what is 13133333 - 20?
13133313
In base 11, what is -4 + -8064a1?
-8064a5
In base 5, what is 2014201 - 2?
2014144
In base 12, what is -3a + b46?
b08
In base 4, what is -31131 - -22032?
-3033
In base 4, what is -1101020013 - -13?
-1101020000
In base 13, what is -1 + -6a1c?
-6a20
In base 12, what is 3 + 470258?
47025b
In base 5, what is 2033 - -122?
2210
In base 8, what is -64 - -102422?
102336
In base 11, what is 1 - 452a?
-4529
In base 12, what is 5 + -4311b?
-43116
In base 12, what is 7b1 + 31?
822
In base 15, what is -a - 86cc?
-86d7
In base 11, what is 2490aa - 5?
2490a5
In base 12, what is 1 - -7540?
7541
In base 14, what is 194 - -3?
197
In base 9, what is 3 + -1763874?
-1763871
In base 12, what is -4a09 + -16?
-4a23
In base 14, what is 6 + 2a0?
2a6
In base 5, what is 1144 - -422434?
424133
In base 16, what is 2894c + -7?
28945
In base 16, what is 3e5 + 318?
6fd
In base 10, what is 126 + -366?
-240
In base 6, what is 322001 + -4?
321553
In base 7, what is 32161110 + -2?
32161105
In base 9, what is 1 - -70431?
70432
In base 11, what is -468 - -435?
-33
In base 8, what is -6 - -75676?
75670
In base 6, what is -1031 + 0?
-1031
In base 6, what is 1151513 - 122?
1151351
In base 7, what is 13 + -36004?
-35661
In base 9, what is -1 + 503211?
503210
In base 3, what is 10120022200102 + 1?
10120022200110
In base 9, what is -77743 - 4?
-77747
In base 16, what is 1421 + 1?
1422
In base 7, what is 1323 - -35604?
40230
In base 14, what is 5 + 84c9d?
84ca4
In base 6, what is 12 + 355050?
355102
In base 11, what is -129952 - -4?
-129949
In base 7, what is -453 + 1401?
615
In base 9, what is -6114 + -410?
-6524
In base 11, what is 1a245 - -85?
1a31a
In base 7, what is 6012053 - -5?
6012061
In base 16, what is -4 - -139f?
139b
In base 14, what is -1d940 - -3?
-1d93b
In base 11, what is 0 + -162907?
-162907
In base 9, what is 11 + -40638?
-40627
In base 9, what is -200 - 5?
-205
In base 12, what is 6 + -38075?
-3806b
In base 7, what is -130340 + 6?
-130331
In base 11, what is -4 + 47a260?
47a257
In base 15, what is 36b - -75b?
ac7
In base 16, what is 3 + -1546?
-1543
In base 10, what is 2 - 1016120?
-1016118
In base 12, what is -6b52b - 3?
-6b532
In base 6, what is -2424213 - 31?
-2424244
In base 4, what is -230220 + 1?
-230213
In base 5, what is -40043 - 214?
-40312
In base 16, what is -1b9b0 + -4?
-1b9b4
In base 8, what is 560 - 15272?
-14512
In base 5, what is 14424144 - -30?
14424224
In base 9, what is 0 - 37650?
-37650
In base 12, what is -72 - 523a?
-52b0
In base 12, what is -8 - -389?
381
In base 15, what is 26 - 516?
-4e0
In base 10, what is 2328 + 5?
2333
In base 7, what is -1522140 + -1?
-1522141
In base 15, what is -797d - 1?
-797e
In base 11, what is -13 + -1859?
-1871
In base 16, what is -3 - -2cd1?
2cce
In base 12, what is 12 - 1283?
-1271
In base 13, what is 29 + -989?
-960
In base 16, what is -5d3 + -1?
-5d4
In base 3, what is -211202201 + -1010?
-211210211
In base 6, what is 201 + -1515?
-1314
In base 3, what is -202 - 12101?
-20010
In base 15, what is -adbe + -b6?
-ae85
In base 4, what is 0 + 2012031202?
2012031202
In base 5, what is 31 - 1010?
-424
In base 5, what is -244242 + -12?
-244304
In base 3, what is 2221112101 - -122?
2221120000
In base 4, what is 203 + -3212111?
-3211302
In base 10, what is -2 - -298?
296
In base 14, what is 7662 + -4?
765c
In base 11, what is 2612 + 12a?
2741
In base 11, what is 8626 + 78?
86a3
In base 8, what is -665641 - 0?
-665641
In base 5, what is 4 - 32030?
-32021
In base 10, what is -5 + -258542?
-258547
In base 2, what is 1010000000100000011 - -1?
1010000000100000100
In base 8, what is 103164 - 10?
103154
In base 6, what is -13234 + -41?
-13315
In base 6, what is -1342502 - 53?
-1342555
In base 9, what is -16576 + -44?
-16631
In base 5, what is 321 + -112332?
-112011
In base 2, what is 10001001011010110 + 100?
10001001011011010
In base 6, what is -12504 - -21344?
4440
In base 8, what is 1307 + -713?
374
In base 7, what is -64 - 13424?
-13521
In base 16, what is -e20 + -c?
-e2c
In base 6, what is -2 + -254050?
-254052
In base 2, what is -1100000101110110 + 100?
-1100000101110010
In base 16, what is 1ac232 - -5?
1ac237
I